{"id":63,"date":"2020-11-07T18:44:55","date_gmt":"2020-11-07T18:44:55","guid":{"rendered":"https:\/\/supermario.dontworrybeapple.com\/?page_id=63"},"modified":"2021-01-24T13:23:44","modified_gmt":"2021-01-24T13:23:44","slug":"home","status":"publish","type":"page","link":"https:\/\/supermario.dontworrybeapple.com\/","title":{"rendered":"Home"},"content":{"rendered":"\t\t<div data-elementor-type=\"wp-page\" data-elementor-id=\"63\" class=\"elementor elementor-63\" data-elementor-settings=\"[]\">\n\t\t\t\t\t\t<div class=\"elementor-inner\">\n\t\t\t\t\t\t\t<div class=\"elementor-section-wrap\">\n\t\t\t\t\t\t\t<section class=\"elementor-section elementor-top-section elementor-element elementor-element-070d8da elementor-section-boxed elementor-section-height-default elementor-section-height-default\" data-id=\"070d8da\" data-element_type=\"section\">\n\t\t\t\t\t\t<div class=\"elementor-container elementor-column-gap-default\">\n\t\t\t\t\t\t\t<div class=\"elementor-row\">\n\t\t\t\t\t<div class=\"elementor-column elementor-col-100 elementor-top-column elementor-element elementor-element-13e6320\" data-id=\"13e6320\" data-element_type=\"column\">\n\t\t\t<div class=\"elementor-column-wrap elementor-element-populated\">\n\t\t\t\t\t\t\t<div class=\"elementor-widget-wrap\">\n\t\t\t\t\t\t<div class=\"elementor-element elementor-element-5c4ecc9 elementor-widget elementor-widget-image\" data-id=\"5c4ecc9\" data-element_type=\"widget\" data-widget_type=\"image.default\">\n\t\t\t\t<div class=\"elementor-widget-container\">\n\t\t\t\t\t<div class=\"elementor-image\">\n\t\t\t\t\t\t\t\t\t\t<img width=\"768\" height=\"458\" src=\"https:\/\/supermario.dontworrybeapple.com\/wp-content\/uploads\/2020\/11\/LOGO-Mario-fondo-BIANCO-2-768x458.png\" class=\"attachment-medium_large size-medium_large\" alt=\"\" loading=\"lazy\" srcset=\"https:\/\/supermario.dontworrybeapple.com\/wp-content\/uploads\/2020\/11\/LOGO-Mario-fondo-BIANCO-2-768x458.png 768w, https:\/\/supermario.dontworrybeapple.com\/wp-content\/uploads\/2020\/11\/LOGO-Mario-fondo-BIANCO-2-300x179.png 300w, https:\/\/supermario.dontworrybeapple.com\/wp-content\/uploads\/2020\/11\/LOGO-Mario-fondo-BIANCO-2-1024x611.png 1024w, https:\/\/supermario.dontworrybeapple.com\/wp-content\/uploads\/2020\/11\/LOGO-Mario-fondo-BIANCO-2-1536x916.png 1536w, https:\/\/supermario.dontworrybeapple.com\/wp-content\/uploads\/2020\/11\/LOGO-Mario-fondo-BIANCO-2-2048x1221.png 2048w\" sizes=\"(max-width: 768px) 100vw, 768px\" \/>\t\t\t\t\t\t\t\t\t\t\t<\/div>\n\t\t\t\t<\/div>\n\t\t\t\t<\/div>\n\t\t\t\t\t\t<\/div>\n\t\t\t\t\t<\/div>\n\t\t<\/div>\n\t\t\t\t\t\t\t\t<\/div>\n\t\t\t\t\t<\/div>\n\t\t<\/section>\n\t\t\t\t<section class=\"elementor-section elementor-top-section elementor-element elementor-element-2412ca5 elementor-section-boxed elementor-section-height-default elementor-section-height-default\" data-id=\"2412ca5\" data-element_type=\"section\">\n\t\t\t\t\t\t<div class=\"elementor-container elementor-column-gap-default\">\n\t\t\t\t\t\t\t<div class=\"elementor-row\">\n\t\t\t\t\t<div class=\"elementor-column elementor-col-50 elementor-top-column elementor-element elementor-element-c2b6bef\" data-id=\"c2b6bef\" data-element_type=\"column\">\n\t\t\t<div class=\"elementor-column-wrap elementor-element-populated\">\n\t\t\t\t\t\t\t<div class=\"elementor-widget-wrap\">\n\t\t\t\t\t\t<div class=\"elementor-element elementor-element-4be4d74 elementor-widget elementor-widget-text-editor\" data-id=\"4be4d74\" data-element_type=\"widget\" data-widget_type=\"text-editor.default\">\n\t\t\t\t<div class=\"elementor-widget-container\">\n\t\t\t\t\t<div class=\"elementor-text-editor elementor-clearfix\"><p>Questo lungo periodo che ci ha costretti in casa come cambier\u00e0 il nostro modo di socializzare? Come incontreremo i nostri amici di sempre, quelli che ora virtualmente vediamo per un APERISKYPE o una VIDEOcena?<br>Ci incontreremo come una volta nel nostro locale preferito o nel ristorante di sempre o saremo comunque in apprensione?<br>La nostra casa potrebbe diventare un nuovo locale da condividere con gli amici ma quanti di noi sanno approcciare senza ansia un momento di condivisione come questo?<br>Ecco dove nasce l&#8217;idea CUOCO A DOMICILIO.<\/p><\/div>\n\t\t\t\t<\/div>\n\t\t\t\t<\/div>\n\t\t\t\t<div class=\"elementor-element elementor-element-4dad5fb elementor-widget elementor-widget-heading\" data-id=\"4dad5fb\" data-element_type=\"widget\" data-widget_type=\"heading.default\">\n\t\t\t\t<div class=\"elementor-widget-container\">\n\t\t\t<h2 class=\"elementor-heading-title elementor-size-default\">LA TUA CASA<\/h2>\t\t<\/div>\n\t\t\t\t<\/div>\n\t\t\t\t<div class=\"elementor-element elementor-element-43aaf8a elementor-widget elementor-widget-text-editor\" data-id=\"43aaf8a\" data-element_type=\"widget\" data-widget_type=\"text-editor.default\">\n\t\t\t\t<div class=\"elementor-widget-container\">\n\t\t\t\t\t<div class=\"elementor-text-editor elementor-clearfix\"><p class=\"p1\">La tua casa sar\u00e0 il tuo nuovo &#8220;ristorante&#8221; preferito, un locale di tendenza e confortevole, racchiuso nell&#8217;intimit\u00e0 della tua dimora. Una gustosa novit\u00e0 che potrai condividere con gli amici di sempre.<\/p><\/div>\n\t\t\t\t<\/div>\n\t\t\t\t<\/div>\n\t\t\t\t<div class=\"elementor-element elementor-element-d19a3ed elementor-widget elementor-widget-heading\" data-id=\"d19a3ed\" data-element_type=\"widget\" data-widget_type=\"heading.default\">\n\t\t\t\t<div class=\"elementor-widget-container\">\n\t\t\t<h2 class=\"elementor-heading-title elementor-size-default\">LA TUA CUCINA<\/h2>\t\t<\/div>\n\t\t\t\t<\/div>\n\t\t\t\t<div class=\"elementor-element elementor-element-e63359f elementor-widget elementor-widget-text-editor\" data-id=\"e63359f\" data-element_type=\"widget\" data-widget_type=\"text-editor.default\">\n\t\t\t\t<div class=\"elementor-widget-container\">\n\t\t\t\t\t<div class=\"elementor-text-editor elementor-clearfix\"><p class=\"p1\">La tua cucina sar\u00e0 il luogo eletto per la preparazione del men\u00f9 che avremo concordato insieme, per sorprendere i tuoi Ospiti senza ansie per Te. Non ti rester\u00e0 altro che goderti la serata.<\/p><\/div>\n\t\t\t\t<\/div>\n\t\t\t\t<\/div>\n\t\t\t\t\t\t<\/div>\n\t\t\t\t\t<\/div>\n\t\t<\/div>\n\t\t\t\t<div class=\"elementor-column elementor-col-50 elementor-top-column elementor-element elementor-element-5683996\" data-id=\"5683996\" data-element_type=\"column\">\n\t\t\t<div class=\"elementor-column-wrap elementor-element-populated\">\n\t\t\t\t\t\t\t<div class=\"elementor-widget-wrap\">\n\t\t\t\t\t\t<div class=\"elementor-element elementor-element-cee8104 elementor-widget elementor-widget-image\" data-id=\"cee8104\" data-element_type=\"widget\" data-widget_type=\"image.default\">\n\t\t\t\t<div class=\"elementor-widget-container\">\n\t\t\t\t\t<div class=\"elementor-image\">\n\t\t\t\t\t\t\t\t\t\t<img width=\"768\" height=\"1051\" src=\"https:\/\/supermario.dontworrybeapple.com\/wp-content\/uploads\/2020\/11\/yo-bn-768x1051.jpg\" class=\"attachment-medium_large size-medium_large\" alt=\"\" loading=\"lazy\" srcset=\"https:\/\/supermario.dontworrybeapple.com\/wp-content\/uploads\/2020\/11\/yo-bn-768x1051.jpg 768w, https:\/\/supermario.dontworrybeapple.com\/wp-content\/uploads\/2020\/11\/yo-bn-219x300.jpg 219w, https:\/\/supermario.dontworrybeapple.com\/wp-content\/uploads\/2020\/11\/yo-bn-748x1024.jpg 748w, https:\/\/supermario.dontworrybeapple.com\/wp-content\/uploads\/2020\/11\/yo-bn-1123x1536.jpg 1123w, https:\/\/supermario.dontworrybeapple.com\/wp-content\/uploads\/2020\/11\/yo-bn-1497x2048.jpg 1497w, https:\/\/supermario.dontworrybeapple.com\/wp-content\/uploads\/2020\/11\/yo-bn-scaled.jpg 1871w\" sizes=\"(max-width: 768px) 100vw, 768px\" \/>\t\t\t\t\t\t\t\t\t\t\t<\/div>\n\t\t\t\t<\/div>\n\t\t\t\t<\/div>\n\t\t\t\t<div class=\"elementor-element elementor-element-f89f4c0 elementor-widget elementor-widget-text-editor\" data-id=\"f89f4c0\" data-element_type=\"widget\" data-widget_type=\"text-editor.default\">\n\t\t\t\t<div class=\"elementor-widget-container\">\n\t\t\t\t\t<div class=\"elementor-text-editor elementor-clearfix\"><p class=\"p1\">Milanese, 62 anni, una passione smisurata per la cucina della grande tradizione culinaria italiana, in grado trasformare le parole in piatti, sapori e gusti<span class=\"Apple-converted-space\">\u00a0 <\/span>che rispecchieranno le tue esigenze.<\/p><\/div>\n\t\t\t\t<\/div>\n\t\t\t\t<\/div>\n\t\t\t\t\t\t<\/div>\n\t\t\t\t\t<\/div>\n\t\t<\/div>\n\t\t\t\t\t\t\t\t<\/div>\n\t\t\t\t\t<\/div>\n\t\t<\/section>\n\t\t\t\t<section class=\"elementor-section elementor-top-section elementor-element elementor-element-837b571 elementor-section-boxed elementor-section-height-default elementor-section-height-default\" data-id=\"837b571\" data-element_type=\"section\">\n\t\t\t\t\t\t<div class=\"elementor-container elementor-column-gap-default\">\n\t\t\t\t\t\t\t<div class=\"elementor-row\">\n\t\t\t\t\t<div class=\"elementor-column elementor-col-100 elementor-top-column elementor-element elementor-element-8837792\" data-id=\"8837792\" data-element_type=\"column\">\n\t\t\t<div class=\"elementor-column-wrap elementor-element-populated\">\n\t\t\t\t\t\t\t<div class=\"elementor-widget-wrap\">\n\t\t\t\t\t\t<div class=\"elementor-element elementor-element-e505afd elementor-widget elementor-widget-image\" data-id=\"e505afd\" data-element_type=\"widget\" data-widget_type=\"image.default\">\n\t\t\t\t<div class=\"elementor-widget-container\">\n\t\t\t\t\t<div class=\"elementor-image\">\n\t\t\t\t\t\t\t\t\t\t\t<a href=\"https:\/\/supermario.dontworrybeapple.com\/?page_id=115\">\n\t\t\t\t\t\t\t<img width=\"1000\" height=\"683\" src=\"https:\/\/supermario.dontworrybeapple.com\/wp-content\/uploads\/2020\/11\/shutterstock_162681200.jpg\" class=\"attachment-large size-large\" alt=\"\" loading=\"lazy\" srcset=\"https:\/\/supermario.dontworrybeapple.com\/wp-content\/uploads\/2020\/11\/shutterstock_162681200.jpg 1000w, https:\/\/supermario.dontworrybeapple.com\/wp-content\/uploads\/2020\/11\/shutterstock_162681200-300x205.jpg 300w, https:\/\/supermario.dontworrybeapple.com\/wp-content\/uploads\/2020\/11\/shutterstock_162681200-768x525.jpg 768w\" sizes=\"(max-width: 1000px) 100vw, 1000px\" \/>\t\t\t\t\t\t\t\t<\/a>\n\t\t\t\t\t\t\t\t\t\t\t<\/div>\n\t\t\t\t<\/div>\n\t\t\t\t<\/div>\n\t\t\t\t\t\t<\/div>\n\t\t\t\t\t<\/div>\n\t\t<\/div>\n\t\t\t\t\t\t\t\t<\/div>\n\t\t\t\t\t<\/div>\n\t\t<\/section>\n\t\t\t\t<section class=\"elementor-section elementor-top-section elementor-element elementor-element-1b0d29d elementor-section-boxed elementor-section-height-default elementor-section-height-default\" data-id=\"1b0d29d\" data-element_type=\"section\">\n\t\t\t\t\t\t<div class=\"elementor-container elementor-column-gap-default\">\n\t\t\t\t\t\t\t<div class=\"elementor-row\">\n\t\t\t\t\t<div class=\"elementor-column elementor-col-25 elementor-top-column elementor-element elementor-element-1cf1fc3\" data-id=\"1cf1fc3\" data-element_type=\"column\">\n\t\t\t<div class=\"elementor-column-wrap elementor-element-populated\">\n\t\t\t\t\t\t\t<div class=\"elementor-widget-wrap\">\n\t\t\t\t\t\t<div class=\"elementor-element elementor-element-eceba55 elementor-widget elementor-widget-image\" data-id=\"eceba55\" data-element_type=\"widget\" data-widget_type=\"image.default\">\n\t\t\t\t<div class=\"elementor-widget-container\">\n\t\t\t\t\t<div class=\"elementor-image\">\n\t\t\t\t\t\t\t\t\t\t<img src=\"https:\/\/supermario.dontworrybeapple.com\/wp-content\/uploads\/elementor\/thumbs\/simboli1-oy3xtshf7tf2aso5ji4r5mbe1jge34ppor0ldvyiw0.png\" title=\"simboli1\" alt=\"simboli1\" \/>\t\t\t\t\t\t\t\t\t\t\t<\/div>\n\t\t\t\t<\/div>\n\t\t\t\t<\/div>\n\t\t\t\t<div class=\"elementor-element elementor-element-0bfb877 elementor-widget elementor-widget-text-editor\" data-id=\"0bfb877\" data-element_type=\"widget\" data-widget_type=\"text-editor.default\">\n\t\t\t\t<div class=\"elementor-widget-container\">\n\t\t\t\t\t<div class=\"elementor-text-editor elementor-clearfix\"><p>CONTATTI<\/p><p>Facilissimo contattarmi, via telefono o via mail, anche solo per una chiacchiera informale e per capire meglio quello che posso fare per te.<\/p><\/div>\n\t\t\t\t<\/div>\n\t\t\t\t<\/div>\n\t\t\t\t\t\t<\/div>\n\t\t\t\t\t<\/div>\n\t\t<\/div>\n\t\t\t\t<div class=\"elementor-column elementor-col-25 elementor-top-column elementor-element elementor-element-4afbac9\" data-id=\"4afbac9\" data-element_type=\"column\">\n\t\t\t<div class=\"elementor-column-wrap elementor-element-populated\">\n\t\t\t\t\t\t\t<div class=\"elementor-widget-wrap\">\n\t\t\t\t\t\t<div class=\"elementor-element elementor-element-9a55b29 elementor-widget elementor-widget-image\" data-id=\"9a55b29\" data-element_type=\"widget\" data-widget_type=\"image.default\">\n\t\t\t\t<div class=\"elementor-widget-container\">\n\t\t\t\t\t<div class=\"elementor-image\">\n\t\t\t\t\t\t\t\t\t\t<img src=\"https:\/\/supermario.dontworrybeapple.com\/wp-content\/uploads\/elementor\/thumbs\/simboli2a-oy3xtrjliiw4fr1aq4lm0pr9pjvzts3sny01jzktgg.png\" title=\"simboli2a\" alt=\"simboli2a\" \/>\t\t\t\t\t\t\t\t\t\t\t<\/div>\n\t\t\t\t<\/div>\n\t\t\t\t<\/div>\n\t\t\t\t<div class=\"elementor-element elementor-element-11b8aad elementor-widget elementor-widget-text-editor\" data-id=\"11b8aad\" data-element_type=\"widget\" data-widget_type=\"text-editor.default\">\n\t\t\t\t<div class=\"elementor-widget-container\">\n\t\t\t\t\t<div class=\"elementor-text-editor elementor-clearfix\"><p>SOPRALLUOGO<\/p>\n<p>\u00c8 fondamentale capire come \u00e8 la tua cucina, gli strumenti di lavoro possiedi e quali sono i tuoi gusti, sia rispetto al men\u00f9 che all&#8217;atmosfera.<\/p><\/div>\n\t\t\t\t<\/div>\n\t\t\t\t<\/div>\n\t\t\t\t\t\t<\/div>\n\t\t\t\t\t<\/div>\n\t\t<\/div>\n\t\t\t\t<div class=\"elementor-column elementor-col-25 elementor-top-column elementor-element elementor-element-06d394a\" data-id=\"06d394a\" data-element_type=\"column\">\n\t\t\t<div class=\"elementor-column-wrap elementor-element-populated\">\n\t\t\t\t\t\t\t<div class=\"elementor-widget-wrap\">\n\t\t\t\t\t\t<div class=\"elementor-element elementor-element-0e50794 elementor-widget elementor-widget-image\" data-id=\"0e50794\" data-element_type=\"widget\" data-widget_type=\"image.default\">\n\t\t\t\t<div class=\"elementor-widget-container\">\n\t\t\t\t\t<div class=\"elementor-image\">\n\t\t\t\t\t\t\t\t\t\t<img src=\"https:\/\/supermario.dontworrybeapple.com\/wp-content\/uploads\/elementor\/thumbs\/simboli3-oy3xtqlqu5chnkqvuhbi0msgurpnnqi90hpmfc1b8g.png\" title=\"simboli3\" alt=\"simboli3\" \/>\t\t\t\t\t\t\t\t\t\t\t<\/div>\n\t\t\t\t<\/div>\n\t\t\t\t<\/div>\n\t\t\t\t<div class=\"elementor-element elementor-element-890a0c8 elementor-widget elementor-widget-text-editor\" data-id=\"890a0c8\" data-element_type=\"widget\" data-widget_type=\"text-editor.default\">\n\t\t\t\t<div class=\"elementor-widget-container\">\n\t\t\t\t\t<div class=\"elementor-text-editor elementor-clearfix\"><p>MENU&#8217;<\/p><p>Dalla lista della spesa al piatto, senza stress per te, sar\u00e0 facilissimo perch\u00e9 tu non dovrai occuparti di nulla, penser\u00f2 a tutto io.<\/p><\/div>\n\t\t\t\t<\/div>\n\t\t\t\t<\/div>\n\t\t\t\t\t\t<\/div>\n\t\t\t\t\t<\/div>\n\t\t<\/div>\n\t\t\t\t<div class=\"elementor-column elementor-col-25 elementor-top-column elementor-element elementor-element-1e7c32a\" data-id=\"1e7c32a\" data-element_type=\"column\">\n\t\t\t<div class=\"elementor-column-wrap elementor-element-populated\">\n\t\t\t\t\t\t\t<div class=\"elementor-widget-wrap\">\n\t\t\t\t\t\t<div class=\"elementor-element elementor-element-461958c elementor-widget elementor-widget-image\" data-id=\"461958c\" data-element_type=\"widget\" data-widget_type=\"image.default\">\n\t\t\t\t<div class=\"elementor-widget-container\">\n\t\t\t\t\t<div class=\"elementor-image\">\n\t\t\t\t\t\t\t\t\t\t<img src=\"https:\/\/supermario.dontworrybeapple.com\/wp-content\/uploads\/elementor\/thumbs\/simboli4-oy3xtpnwnbb7bys8zywvg5109duag1eiod24y22peo.png\" title=\"simboli4\" alt=\"simboli4\" \/>\t\t\t\t\t\t\t\t\t\t\t<\/div>\n\t\t\t\t<\/div>\n\t\t\t\t<\/div>\n\t\t\t\t<div class=\"elementor-element elementor-element-89e50bd elementor-widget elementor-widget-text-editor\" data-id=\"89e50bd\" data-element_type=\"widget\" data-widget_type=\"text-editor.default\">\n\t\t\t\t<div class=\"elementor-widget-container\">\n\t\t\t\t\t<div class=\"elementor-text-editor elementor-clearfix\"><p class=\"p1\">LE RADICI<\/p><p class=\"p1\">Chi ama la cucina ama le sue tradizioni, per questo i miei men\u00f9 sono ricchi di storie tramandate da generazioni e provenienti dai diversi territori italiani.<\/p><\/div>\n\t\t\t\t<\/div>\n\t\t\t\t<\/div>\n\t\t\t\t\t\t<\/div>\n\t\t\t\t\t<\/div>\n\t\t<\/div>\n\t\t\t\t\t\t\t\t<\/div>\n\t\t\t\t\t<\/div>\n\t\t<\/section>\n\t\t\t\t\t\t<\/div>\n\t\t\t\t\t\t<\/div>\n\t\t\t\t\t<\/div>\n\t\t","protected":false},"excerpt":{"rendered":"<p>Questo lungo periodo che ci ha costretti in casa come cambier\u00e0 il nostro modo di socializzare? Come incontreremo i nostri amici di sempre, quelli che ora virtualmente vediamo per un APERISKYPE o una VIDEOcena?Ci incontreremo come una volta nel nostro locale preferito o nel ristorante di sempre o saremo comunque in apprensione?La nostra casa potrebbe&hellip;&nbsp;<a href=\"https:\/\/supermario.dontworrybeapple.com\/\" class=\"\" rel=\"bookmark\">Leggi tutto &raquo;<span class=\"screen-reader-text\">Home<\/span><\/a><\/p>\n","protected":false},"author":1,"featured_media":0,"parent":0,"menu_order":0,"comment_status":"closed","ping_status":"closed","template":"page-templates\/template-pagebuilder-full-width.php","meta":{"neve_meta_sidebar":"default","neve_meta_container":"contained","neve_meta_enable_content_width":"on","neve_meta_content_width":100,"neve_meta_title_alignment":"","neve_meta_author_avatar":"","neve_post_elements_order":"","neve_meta_disable_header":"","neve_meta_disable_footer":"","neve_meta_disable_title":""},"_links":{"self":[{"href":"https:\/\/supermario.dontworrybeapple.com\/index.php?rest_route=\/wp\/v2\/pages\/63"}],"collection":[{"href":"https:\/\/supermario.dontworrybeapple.com\/index.php?rest_route=\/wp\/v2\/pages"}],"about":[{"href":"https:\/\/supermario.dontworrybeapple.com\/index.php?rest_route=\/wp\/v2\/types\/page"}],"author":[{"embeddable":true,"href":"https:\/\/supermario.dontworrybeapple.com\/index.php?rest_route=\/wp\/v2\/users\/1"}],"replies":[{"embeddable":true,"href":"https:\/\/supermario.dontworrybeapple.com\/index.php?rest_route=%2Fwp%2Fv2%2Fcomments&post=63"}],"version-history":[{"count":69,"href":"https:\/\/supermario.dontworrybeapple.com\/index.php?rest_route=\/wp\/v2\/pages\/63\/revisions"}],"predecessor-version":[{"id":276,"href":"https:\/\/supermario.dontworrybeapple.com\/index.php?rest_route=\/wp\/v2\/pages\/63\/revisions\/276"}],"wp:attachment":[{"href":"https:\/\/supermario.dontworrybeapple.com\/index.php?rest_route=%2Fwp%2Fv2%2Fmedia&parent=63"}],"curies":[{"name":"wp","href":"https:\/\/api.w.org\/{rel}","templated":true}]}}